
3, 31
Let b = 0 - -3. Suppose 0*x = 3*x - 9, 5*x = -b*j + 126. What are the prime factors of j?
37
Let x be (-2)/5 + 12/5. Suppose -5*d = -2*h + 2 - 9, -x*h - 1 = -3*d. List the prime factors of h.
2
What are the prime factors of -3 + 5/(10/276)?
3, 5
Let h(u) = -6*u. Let x = 8 - 3. Let t(c) = -7*c + 1. Let m(b) = x*h(b) - 4*t(b). What are the prime factors of m(-4)?
2
What are the prime factors of (-30)/70 + 636/14?
3, 5
List the prime factors of 4*(-475)/20*-1.
5, 19
Let n(r) = r**3 - 4*r**2 + 3*r + 2. Let y be n(3). Suppose -3*p - 9 = -4*i, 0 = -3*i - 2*i - 5*p + 20. Suppose -y*x = i*x - 15. List the prime factors of x.
3
Suppose -5*x = 5*b - 0 - 5, -3*b - 7 = -2*x. What are the prime factors of b/(-2*(-1)/(-10))?
5
What are the prime factors of (-8*1*-6)/((-16)/(-40))?
2, 3, 5
Let j = -9 - -17. List the prime factors of j.
2
Suppose -12*r - 404 = -2048. What are the prime factors of r?
137
Suppose 3*c - 76 = -f - f, 6 = 3*c. Let g = -20 + f. List the prime factors of g.
3, 5
Suppose 0 = -4*c + 3*l + 13, -c = c - 4*l - 14. Let m be c*1*(-2 - -2). Suppose 2*d + 2 = 3*d + w, 4*d + 5*w - 8 = m. What are the prime factors of d?
2
Let a = 240 + -98. What are the prime factors of a?
2, 71
Let s be (-36 - -8)/(-3 + 1). Suppose 2*t - 6 = s. List the prime factors of t.
2, 5
Let w(m) = m**3 + m**2 - m + 4. What are the prime factors of w(3)?
37
Let v = 93 - 63. What are the prime factors of v?
2, 3, 5
Suppose 3 = -2*c + 3*c. List the prime factors of ((-63)/(-3))/(c - 2).
3, 7
Suppose 3*f - 16 = 404. List the prime factors of f.
2, 5, 7
Let c(r) = -2*r - 9. Let o be c(-6). List the prime factors of 3 - (3 + (o - 9)).
2, 3
Let s = 6 - 2. List the prime factors of 2/s*(4 + 6).
5
Let s(f) = f**2 + 8*f - 5. Let n be s(-9). Suppose -c = -n - 1. What are the prime factors of c?
5
Let h = -60 - -113. List the prime factors of h.
53
Let m(s) = 8*s**2 + 2*s - 3. What are the prime factors of m(-5)?
11, 17
Let o = 3 - 2. Let h = 3 + o. List the prime factors of (2/h)/((-2)/(-16)).
2
Let m(q) be the second derivative of -q**5/20 + q**4/2 - q**3/3 + q. List the prime factors of m(5).
3, 5
Let x(v) = -v**2. Let t be x(0). Suppose t = -k + 12 - 1. What are the prime factors of k?
11
Suppose -5*s = 0, 4*k + 4*s - 27 = -7. Suppose 0*f = -4*i + 2*f + 12, 3*i - k*f = 16. What are the prime factors of (i/4)/((-1)/(-32))?
2
Let f(u) = u**3 + 8*u**2 - 7*u - 10. List the prime factors of f(-4).
2, 41
Let k(l) = -l**2 + 5*l - 2. Let o(g) = -g**2 + 4*g - 2. Let y(u) = 5*k(u) - 4*o(u). Let q be y(7). What are the prime factors of (-2)/6 + 112/q?
3
Suppose n + k - 246 = 0, 4*n + 3*k - 994 = k. List the prime factors of n.
251
Let d be 36/(-16)*(-56)/3. Suppose -3*g + 6 = -d. What are the prime factors of g?
2
Let f be 3/(-3)*(3 - 3). Suppose 10*w - 5*w - 10 = f. Suppose 0 = 4*z - 2*m - 34, -z - 14 = -w*z - 5*m. List the prime factors of z.
3
Suppose -2*y - z + 104 = -3*z, -4*y - 5*z + 199 = 0. What are the prime factors of y/3 - (-1 + 0)?
2, 3
Suppose -n + 162 = -j, 405 + 81 = 3*n + 3*j. List the prime factors of n.
2, 3
Let t = -1 - -4. Let z(c) = -8*c - 10. Let m(f) = -7*f - 9. Let k(n) = -6*m(n) + 5*z(n). List the prime factors of k(t).
2, 5
Let k = -35 + 39. List the prime factors of k.
2
Suppose -17 = -s - 2*h, h + 2 = -s + 2*s. Suppose -f + 2*f = s. What are the prime factors of f?
7
Suppose -3*r + 74 = -70. List the prime factors of r.
2, 3
Let d be -3*1/(9/(-6)). Suppose d*n = n + 2. Suppose -2*q + 49 = -5*c, 7*q = n*q + 5*c + 85. List the prime factors of q.
2, 3
Suppose -t - 332 = -5*t. What are the prime factors of t?
83
Let w(l) = -l**2 - 7*l - 7. Let d be w(-5). Suppose -4*k = -s - 12, 3*k - d*s - 1 = 8. List the prime factors of k.
3
Let z(p) be the third derivative of -1/12*p**4 + 1/5*p**5 + 0*p - 1/6*p**3 + 3*p**2 + 0. List the prime factors of z(-1).
13
Let t(q) = -q**2 + 5*q. Let h(i) = -6*i + 1. Let v be h(-1). Let d be t(v). Let c = 29 + d. What are the prime factors of c?
3, 5
Let h be (-28)/3 - (-1)/3. Suppose -l + 8 = -s, 3*s + 2 = -4*l - 8. What are the prime factors of -10*(-2 + h/s)?
5
Let n(f) = 3*f - f**3 + 0 + 5 - 2*f - 5*f**2. Let s be n(-5). Suppose s = -o + 5 - 2. List the prime factors of o.
3
Suppose 2*g - g + 2*s = -3, 5*g = 4*s + 27. Let j = 3 + g. What are the prime factors of j?
2, 3
Suppose 4*x = -4*w + 2*w - 2, -10 = -2*w - x. What are the prime factors of (-36)/7*(w + -14)?
2, 3
Let b(w) = -5 - 7*w - w**2 - 1 - 1. Let l be b(-5). Suppose l*k = 6*k - 18. What are the prime factors of k?
2, 3
Let v(m) = -m**2 - 7*m - 10. Let q be v(-7). Suppose 4*a - 10 - 54 = 0. List the prime factors of (a/q)/(4/(-20)).
2
Let o(f) be the second derivative of -f**5/30 - f**4/8 - f**3/6 + 3*f. Let y(s) be the second derivative of o(s). List the prime factors of y(-3).
3
Let b(o) = o**3 + 11*o**2 - o + 5. Let r be b(-11). Let t = -5 - -10. Let u = r - t. What are the prime factors of u?
11
Let s = 4 - 1. Let k = s - 3. Suppose u - j - 10 = 0, -j + 0*j - 1 = k. List the prime factors of u.
3
Let b(q) = 2*q + 2. Suppose -5 = -3*p + 13. Let r = -2 + p. List the prime factors of b(r).
2, 5
Let n(k) = 5*k**3 - k + 13 + 9*k**2 - 8*k**3 + 2*k**3. List the prime factors of n(9).
2
Suppose 0 = 5*w - w + 36. Let l = 30 + w. Suppose -l = -u - 10. List the prime factors of u.
11
Let u(r) = -r**3 + 8*r**2 + 14*r - 4. What are the prime factors of u(7)?
11, 13
Let h = 6 + -6. Suppose h = -g + 2 + 17. What are the prime factors of g?
19
Suppose g = -2*g + 12. Suppose -g*s + 17 = 3*k - 3, s - 6 = -k. Suppose 0 = 2*u + k*v - 13 - 1, 3*u = 4*v + 1. List the prime factors of u.
3
Let d = 12 + -52. Let t = d - -10. List the prime factors of (-2 + -1)*t/9.
2, 5
Let l = -9 - -6. What are the prime factors of 208/5 - l/(-5)?
41
Let a = -30 + 54. List the prime factors of a.
2, 3
Suppose -35 = 2*h - 5*r - 12, -3*r + 19 = 4*h. Suppose i - 6 = h. What are the prime factors of i?
7
Suppose 0 = -4*a + a + 12. Suppose 0 = 6*l - 3*l - 36. Suppose l = -z + a*z. What are the prime factors of z?
2
List the prime factors of (-4)/(-22) - 766/(-22).
5, 7
Suppose -n - 2*r = -21, 0 = -6*r + 3*r + 15. Suppose -4*c - 5*q - n = -c, 0 = 2*q - 10. Let y = c + 23. List the prime factors of y.
11
Let y(s) = 4*s - 2. Let i be y(4). What are the prime factors of i/(-4)*(-736)/56?
2, 23
Suppose -2*a + 183 + 31 = 3*k, -3*k + 215 = a. What are the prime factors of k?
2, 3
Let y(x) = 2*x**2 + 5*x - 9. Let k(c) = c**2 + 3*c - 5. Let u(w) = -7*k(w) + 4*y(w). Let o be u(3). Suppose o*s + 31 = 81. List the prime factors of s.
2, 5
List the prime factors of 849*((-4)/(-6))/2.
283
Suppose 2*h = 5*h + 12. Let n = 25 + h. What are the prime factors of n?
3, 7
Suppose -3*d + 329 = -4*k, 2*d = -0*d + 5*k + 224. List the prime factors of d.
107
Suppose -8*d + 11*d = g + 558, -3*g = 9. What are the prime factors of d?
5, 37
Let p = 45 + -21. What are the prime factors of p?
2, 3
Suppose 6*l - 2*l - 4 = 0. Let o = l - -12. Let n = o - 6. What are the prime factors of n?
7
Let b(k) = k**2 - 10*k + 5. Let q be b(8). Let z(r) = 0*r + 4*r + r**2 + 3 + 0 + 7*r. List the prime factors of z(q).
3
Let b(v) = 2*v**3 + v**2 - v. Let q be b(-2). Suppose w - 78 = -2*w. List the prime factors of (w - 6)*(-4)/q.
2
Suppose -52 = -5*b + 33. Suppose t - 2*c = 4, 0 = -3*t + 5*c - 0*c + b. List the prime factors of t.
2, 7
Let y = -5 - 10. Let i be 48/10*(-5)/(-1). Let k = y + i. List the prime factors of k.
3
Let d be ((-1)/2*0)/(-2). Let q(l) = l**3 + l + 1. Let p be q(d). Let k = p - -3. List the prime factors of k.
2
Suppose -6*b - 1 + 13 = 0. List the prime factors of b.
2
Suppose -2*i - 2*s - s - 5 = 0, -12 = 4*s. Suppose 2*w + 14 = c + w, 32 = 2*c + i*w. Let m = c - 6. What are the prime factors of m?
3
Let s(g) = g + 1. Let f(r) = r. Let l(o) = -3*f(o) + 2*s(o). Let m(i) = i**2 - 6*i + 1. Let h be m(3). List the prime factors of l(h).
2, 5
Let s(j) be the second derivative of j**4/12 + j**3/2 - 7*j**2/2 + j. Suppose 2*k - 2*i = -10, -2*k + 3*i = 3 + 6. List the prime factors of s(k).
11
List the prime factors of 122 + 1/(4/(-16)).
2, 59
Let x = -74 + 106. What are the prime factors of x?
2
Let k(d) = d**3 + 7*d**2 - 7*d - 14. What are the prime factors of k(-6)?
2
Let i(u) = 3*u - 5. Let d be i(7). Let p = 26 - d. What ar